 0, 3*i + 4*c + 68 = 506. What is the remainder when i is divided by 89?
65
Let t be (-2)/7 + 86/7. Let z(n) = -n**2 + 13*n + 27. What is the remainder when 115 is divided by z(t)?
37
What is the remainder when 15565 is divided by (((-14)/15 - 0) + 236/(-590))*-6?
5
Suppose 15 = 4*m + 3. Suppose 0 = -m*d + 5*l + 187, 5*l - 4 + 122 = 2*d. What is the remainder when d is divided by (-1267)/(-315)*6 + 2/(-15)?
21
Let c(g) = 2*g**3 + 29*g**2 + 22*g - 180. Calculate the remainder when c(-11) is divided by 218.
207
Calculate the remainder when 232 is divided by 8 - 0 - 5 - 106/(-8 + 6).
8
Suppose 7865 - 5366 = 49*h. Calculate the remainder when 130 is divided by h.
28
Suppose -4*m = -2*w - 5574 + 1064, 5*m - 2*w = 5640. What is the remainder when m is divided by 565?
0
Suppose 670 = 9*v - 311. Let u be ((-6)/(-2))/((-3)/21). Let i = u - -31. Calculate the remainder when v is divided by i.
9
Let s = -577 - -605. Let l = -106 + 197. Calculate the remainder when l is divided by s.
7
Suppose 12*z - 738 = 18*z. Let s = -118 - z. Calculate the remainder when 15 is divided by s.
0
Let w be (-6)/(-5)*1220/(-6). Let o = -220 - w. Calculate the remainder when 188 is divided by o.
20
Suppose -58*r + 40088 = 11268 - 36082. Calculate the remainder when r is divided by 19.
17
Suppose 3*a - c = -6*c + 4*c + 1503, 0 = -3*c. Calculate the remainder when a is divided by 142.
75
Suppose -4*r - 3 = -23. Suppose -17 = -w - 0*s + r*s, -2*w - 2*s + 70 = 0. Let c = 6232 - 6227. Calculate the remainder when w is divided by c.
2
Let a = 502 + -230. Let x = a + -143. Let w(h) = -41*h + 853. Calculate the remainder when x is divided by w(20).
30
Let z(s) = -s**3 - 9*s**2 - 87*s - 148. Calculate the remainder when z(-12) is divided by 120.
8
Suppose 5 - 1 = -q, -5*o - 4*q - 1966 = 0. Let j = 412 + o. Calculate the remainder when 83 is divided by j.
17
Suppose -2*c = -5*t + 8*t - 7070, 2*t + 2*c - 4716 = 0. Calculate the remainder when t is divided by 586.
10
Let q be (199 - -22) + (-1)/(-1)*-1. Let z = 243 - q. Calculate the remainder when z is divided by 12.
11
Suppose -879 = -3*z + 5*d + 1189, 3*z = 3*d + 2058. Let s = z - 342. Calculate the remainder when s is divided by 34.
33
Let w be (-5)/(((-280)/(-21))/(-8)). Suppose 2*u - 5*h + 3 = -0*h, -u + w*h = 3. Calculate the remainder when 46 is divided by u.
4
Suppose 5*d - 2*x - 84 = 0, 9 = -3*x + 3. What is the remainder when 192/80 - 1026/(-10) is divided by d?
9
Let h be 5 - (2 - 0) - -1. Suppose 3*u - 190 = -4*q - 695, 692 = -h*u + 4*q. Calculate the remainder when 30 is divided by 119/9 + 38/u.
4
Suppose w + 3*n - 2109 = -3*w, n = w - 536. Suppose 0*t = -2*t + y + 267, 4*t = y + w. Let f = 2696 - 2662. Calculate the remainder when t is divided by f.
30
Let y be (-20)/(-6) - (-7)/(-21). Suppose -j + 111 = j - 3*w, -y = -3*w. What is the remainder when j is divided by 16?
9
Suppose -7 = b - s, -2*s = 3*s. Let c = b - -8. What is the remainder when (3 + 7 - (c + 2))*5 is divided by 9?
8
Let y(h) = h**3 + 8*h**2 - 8*h + 5. Let r = -10 - -2. What is the remainder when y(r) is divided by 15?
9
Let b(l) = l**3 - 21*l**2 - 22*l + 36. Let c = 190 - 110. Suppose -4*d = 4 - c. What is the remainder when b(22) is divided by d?
17
What is the remainder when 3613 is divided by (8 - 1 - 12/(-28)*-7) + 50?
49
Let m be -5 - -8 - (-20)/4. What is the remainder when m/60 + (3890/75 - 1) is divided by 42?
9
Suppose 31*k = -2*z + 35*k + 230, 0 = k + 4. Calculate the remainder when 450 is divided by z.
22
Let p = 106 + -1. Suppose -38 = -b + c, -3*b + 81 + 47 = 4*c. What is the remainder when b is divided by p/6*(-12)/(-10)?
19
Let w(i) = 339*i**2 - 652*i - 2. Calculate the remainder when 118 is divided by w(2).
18
Let i(l) = -l**2 - 4*l + 41. Let c(w) = 8*w**2 - 28*w + 4. Let q be c(3). Calculate the remainder when 134 is divided by i(q).
8
Suppose -2*j + 2 = 0, 4*q - 98 = 5*j - 15. Suppose 0 = -8*v + 11*v - 168. Let r = v + -50. What is the remainder when q is divided by r?
4
Let c = -2763 + 2901. Let s = -109 - -196. Let j = c - s. What is the remainder when j is divided by 11?
7
Let k(s) = 2*s**2 + s - 2. Let v be k(-2). Suppose 7 - 22 = -v*h + 3*p, -2*h = -p - 7. Suppose -h*z + z = -6. What is the remainder when 10 is divided by z?
1
Let c(u) = u**3 - 13*u**2 - 2*u + 15. Let z(k) = k**2 - k - 2. Let l(d) = -c(d) - 2*z(d). Calculate the remainder when 97 is divided by l(11).
31
Let t = 266 - -9. Let i = 143236 - 143210. Calculate the remainder when t is divided by i.
15
Suppose 5*t - 2869 = -2534. Suppose 2*w = -3*w + z + t, 3*z - 37 = -2*w. What is the remainder when 837 is divided by w?
11
Let d = -914 - -1481. Suppose 4*b = w + 709, 139 + d = 4*b - 2*w. Calculate the remainder when b is divided by 6.
4
Suppose 0*s + 3*y = -s - 14, s + 35 = 4*y. Let d = 4 - s. Suppose 2*h + 5*i = 107, -3*i + 7 + 149 = 3*h. Calculate the remainder when h is divided by d.
24
Let o(y) = -y**3 - y**2 - 5*y - 4. Suppose 12*p - 4*j = 17*p - 550, 0 = -5*p + 2*j + 580. Calculate the remainder when p is divided by o(-3).
27
Suppose -7408*b + 36 = -7339*b - 1896. Let s = -68 - -135. Calculate the remainder when s is divided by b.
11
Suppose h = -28*h + 22968. Calculate the remainder when h is divided by 15.
12
Suppose -2*n + 4 = 3*k - k, n = -1. What is the remainder when (2/4)/((-1086)/1088 + 1) is divided by (5/(75/(-5)))/(k/(-495))?
52
Let x(f) = -6*f**2 + 163*f - 881. What is the remainder when 874 is divided by x(9)?
74
Let p = -99 + 125. Calculate the remainder when 890 is divided by p.
6
Let n = -330 + 412. Suppose 7*q = 905 + n. Calculate the remainder when q is divided by 31.
17
Let v(s) = -65*s**2 - 84*s + 3. Let y be v(-3). Let k = y - -379. Calculate the remainder when k is divided by 9.
4
Let b = -137 + 152. Suppose -5*o + 92 = 4*r, -5*r - 50 = -5*o + b. Calculate the remainder when 121 is divided by o.
9
Let z = -3445 - -4352. Calculate the remainder when z is divided by 114.
109
Suppose 0 = 22*o - 26*o + 192. What is the remainder when 140 is divided by 194/8 + (-12)/o?
20
Calculate the remainder when 19739 is divided by 16464/175 - 30/375.
93
Suppose 0 = 3*o - 0*o + 9, 3*o = 2*y - 15. What is the remainder when (-1)/(y/(-9))*(-188)/(-6) is divided by (0 - (-2)/2)*19?
18
Let n = -6592 - -6644. What is the remainder when 169 is divided by n?
13
Let x(r) = 3*r**2 + 0*r**2 + 239 - 234. Calculate the remainder when x(10) is divided by 34.
33
Let j = -32 + 37. Suppose 80 = j*d - 20. Suppose w - 63 = -5*u, 3*u - 1 = -7. Calculate the remainder when w is divided by d.
13
Suppose 8457 + 84421 = 134*x - 89764. Calculate the remainder when x is divided by 9.
4
Suppose -4*w - 5*f + 40 = 0, 0*w - 4*w + 40 = -3*f. Suppose -4 = -n, -5*n + 8 = -3*m - m. Calculate the remainder when w is divided by (0/m)/(-5) + 4.
2
Let a(g) = -61*g - 726. Calculate the remainder when 894 is divided by a(-14).
126
Let g(o) = 3*o**3 - 23*o**2 + 42*o - 3. Calculate the remainder when g(10) is divided by 40.
37
Let t(w) = w**2 + 11*w + 3. Let k = -33 - -21. Let q be t(k). Suppose -36 = -3*r + q. Calculate the remainder when 32 is divided by r.
15
Let p = -1205 - -1704. What is the remainder when p is divided by 27?
13
Calculate the remainder when ((-1984)/(-16))/(-5 - 174/(-34)) is divided by 26.
14
Suppose g + 13*g = 210. Let u(t) = -2*t**2 + 34*t + 12. Let b be u(g). Suppose 62 = 2*r - b. What is the remainder when r is divided by 34?
33
Let j = -4776 + 7627. What is the remainder when j is divided by 21?
16
Let o be (-4)/(-4 - 10/(-5)). Let f(n) = -11*n. Let l be f(-2). Suppose o*h - 13*h = -l. What is the remainder when 5 is divided by h?
1
Suppose -72 = -u - 2*u. Suppose 9*g = 4*d - 79, -325*g + 320*g = 2*d - 87. Calculate the remainder when d is divided by u.
7
Let p(u) = -6*u - 5. Let w(s) = s - 1. Let z(v) = p(v) + 5*w(v). Let n be z(-11). What is the remainder when -2*n/(-4) - 642/(-12) is divided by 14?
12
Let b(v) = 2*v**2 + 2*v - 8. Let w be b(-5). Suppose g - 28 = -3*g. Let j = g + w. Calculate the remainder when j is divided by 16.
7
Let w = -388 - -873. Suppose w = 5*f + 2*q, 3*f + 3*q = 2*q + 292. What is the remainder when f is divided by 17?
14
Let u(w) = -3*w**2 + 7*w + 12. Let a be u(8). Let g = a + 184. What is the remainder when 235 is divided by g?
55
Let h